n divisor of 24 and a.
24
Let u(b) = -3*b - 1. Let t be u(-1). Suppose t*c - 10 + 4 = 0. What is the greatest common divisor of c and 2?
1
Let g(c) = -3*c - 10. Suppose -26 = 4*t + 6. Let f be g(t). Suppose 0 = 4*s - 44 - 236. What is the greatest common divisor of f and s?
14
Let m = -89 + 131. Suppose -t + m = t. What is the highest common divisor of t and 14?
7
Suppose 5*c + 5*h + 25 = 0, 5*c = -2*h - 4 - 6. Suppose c = -d + 3, -5*d - 7 = -2*u - 4. What is the highest common factor of u and 45?
9
Suppose 0 = -0*m + 3*m + 3*v - 6, 0 = 3*m + 5*v - 4. Calculate the greatest common factor of m and 9.
3
Suppose -3*f = -14 - 175. Let c = 4 - 2. Let b be 15/2 + c/(-4). Calculate the greatest common divisor of b and f.
7
Let c(d) = 3*d + 7. Let a be c(4). Let s be (-1)/1*-95*1. Calculate the highest common divisor of a and s.
19
Suppose -25 = 4*d - 5*d. Calculate the greatest common divisor of 275 and d.
25
Suppose 0 = -7*t + 4*t + 6. Let m be (15 - (-3 + t)) + -3. What is the greatest common divisor of 117 and m?
13
Suppose 3*n = -3*v + 4*n + 166, -3*n + 15 = 0. Let z = v - 30. Suppose 0 = 3*l - 33 - z. Calculate the highest common factor of l and 5.
5
Suppose 4*a = -78 + 230. Calculate the greatest common factor of a and 95.
19
Let u(x) = 4*x**2 + 6*x + 5. Let m be u(-4). Calculate the greatest common divisor of m and 5.
5
Let g = -1 + 3. Let c be ((-44)/(-16))/(g/40). What is the greatest common divisor of c and 22?
11
Let g(m) = -2*m + 37. Let h be g(-5). What is the greatest common divisor of 376 and h?
47
Suppose 0 = -5*k + h + 36, 0 = k + 2*k + 2*h - 32. Calculate the greatest common divisor of 2 and k.
2
Let l be 27 - (-2)/((-2)/(-1)). Suppose -r - m = m - 14, -r = 5*m - 29. What is the highest common divisor of l and r?
4
Let a = -4 + 6. Suppose v + 0 = a. Let b be -1*v/1 - -3. Calculate the greatest common factor of b and 7.
1
Suppose -3*d - 5*s = -9 + 1, d = -4*s - 2. Let u be 0 - 1 - 31/(-1). Calculate the greatest common divisor of u and d.
6
Suppose 5*q + 2*i - 4*i = 53, 22 = 2*q - i. Suppose -4*t + q = -0*o + 3*o, o - 3 = 4*t. What is the greatest common factor of 21 and o?
3
Let q(a) = -9*a**2 + a - 1. Let i be q(1). Let h = i - -25. Let n(t) = 15*t + 1. Let p be n(1). Calculate the highest common factor of p and h.
16
Suppose -6*j + 94 = -j + 3*i, -54 = -3*j - 3*i. Suppose -2*u + 6*u = 8. What is the highest common factor of j and u?
2
Suppose 7 + 8 = 3*z. Suppose z*k + 14 = 6*k. Calculate the greatest common divisor of 7 and k.
7
Let r be (2*1)/(2/128). Let p = 0 - 20. Let i = 36 + p. What is the highest common divisor of i and r?
16
Let m(i) = 19*i + 2. Let l be m(2). Calculate the highest common factor of l and 16.
8
Suppose -258 = -5*w - 83. What is the greatest common factor of w and 7?
7
Let a = -52 - -133. Suppose -g + 0*v = -4*v + 29, 2*g + 3 = -3*v. Let k = g - -18. Calculate the greatest common divisor of k and a.
9
Let b(q) = -q**3 + 7*q**2 - 8*q + 4. Let r be b(4). What is the greatest common factor of 40 and r?
20
Suppose -5*d = -4*a + 151, 0*a - d - 71 = -2*a. What is the highest common factor of 17 and a?
17
Let f(c) = c**3 - 3*c**2 - 4*c - 1. Let b be f(4). Let x be (4 + b)*(-4)/(-3). What is the highest common divisor of 16 and x?
4
Let m(h) = h + 4. Let t be m(5). Suppose -27 = 3*x - 6*x. Calculate the highest common divisor of t and x.
9
Let d(m) = 2*m - 6. Let g be d(6). Let h be ((-4)/g)/((-1)/96). Calculate the highest common factor of h and 16.
16
Let f be 90/12 + 1/(-2). What is the greatest common factor of 21 and f?
7
Let a(s) = s**2 + 6*s - 6. Let u(m) = 2*m + 7. Let k be u(-7). Let t be a(k). Let g be t/(15/(-8) - -2). What is the greatest common divisor of g and 72?
8
Let v be (-6)/(-18) - (-164)/3. Calculate the greatest common factor of v and 11.
11
Let a = 77 + -72. What is the greatest common divisor of a and 15?
5
Let x be (-6 - 28/(-6)) + 94/3. What is the greatest common divisor of x and 480?
30
Let d(l) = l**2 + 1. Let m be d(7). Calculate the highest common factor of m and 125.
25
Let f(v) = -v**3 - 9*v**2 - 4*v - 11. Let g be f(-10). Let d = g - 85. What is the greatest common divisor of d and 66?
22
Suppose 3*n = 19 - 7. Suppose -77 = -n*o + 3*i, 3*o - i = 2*i + 60. Calculate the highest common factor of 136 and o.
17
Let i(z) = -2*z**3 + z**2 - z + 1. Let p be i(2). Let t(j) = j**2 + 11*j + 2. Let q be t(p). Calculate the highest common factor of q and 196.
28
Let l = -10 - -88. Let v = -38 + l. What is the greatest common divisor of 60 and v?
20
Let r(k) = -k**2 + 1. Let w be r(-1). Suppose 5*j + 4*i - 175 = i, -2*j - i + 71 = w. Calculate the greatest common factor of j and 19.
19
Let y = 227 - 67. What is the greatest common divisor of y and 10?
10
Let q(o) = -3*o**3 - 3*o**2 - 10. Let c be q(-3). What is the highest common divisor of c and 110?
22
Let k be (-2 - 10/(-15))*-3. Calculate the highest common divisor of 20 and k.
4
Suppose -5*q - 59 = -3*s, -4*q + 49 = -0*s + 5*s. Let l = s + -6. Calculate the greatest common divisor of 1 and l.
1
Let o = -44 - -70. Let w be (-1)/((-6)/9)*26. Calculate the greatest common factor of w and o.
13
Let d(g) = 3*g**2 - 4*g - 2. Let i be d(4). What is the highest common factor of i and 45?
15
Suppose 0 = -2*w + 75 - 5. What is the greatest common divisor of 14 and w?
7
Let t be 51/(8/4 - 1/2). Calculate the greatest common factor of 204 and t.
34
Suppose -3*x - 119 = -4*x. Let c be (x/4)/(-7)*-4. Calculate the greatest common divisor of 187 and c.
17
Let i be 2/(-8) + 325/20. Let d(t) = -2*t**3 - 7*t**2 - 7*t + 2. Let k be d(-5). What is the greatest common divisor of i and k?
16
Let n(s) = -s**3 - 15*s**2 - 15*s - 8. Let y be n(-14). What is the greatest common factor of y and 12?
6
Suppose 13 = v - 0*v. Suppose 5*o - 43 - v = -p, -2*p + 68 = -o. Calculate the greatest common factor of 9 and p.
9
Suppose -3*w + 6 = -0*w. Let j be 3/3 + 7 + w. Calculate the highest common divisor of 25 and j.
5
Suppose 3*c = 6*c, 5*n + 2*c = 140. What is the highest common divisor of 16 and n?
4
Let h be (-7)/(21/(-54)) - 2. Let k = -1 + h. Calculate the highest common divisor of k and 3.
3
Let j be (11 + 2)/(1 + 0). What is the highest common divisor of 13 and j?
13
Let a = 59 + -36. What is the highest common divisor of a and 184?
23
Suppose -2*u - 5 = -7*u. What is the highest common divisor of 4 and u?
1
Let g = -65 - -100. What is the greatest common factor of g and 14?
7
Let d = 24 - 22. What is the greatest common divisor of d and 8?
2
Let n(f) = 1 + 1 - 4*f + 2 + 2. Let m be n(5). Let d be (12/m)/(1/(-21)). Calculate the greatest common factor of d and 27.
9
Suppose -3*j = -9*j + 132. Calculate the greatest common factor of j and 2.
2
Suppose -2*t + 80 = 2*t. What is the greatest common divisor of t and 140?
20
Let u = -8 - -10. Suppose 24 = u*w + 5*j, -2*w - 2*j + 2 + 10 = 0. What is the highest common divisor of w and 4?
2
Suppose -4*i = -4*q + 624, -3*q + 5*i = -8*q + 820. What is the greatest common divisor of 40 and q?
40
Let l(i) be the third derivative of -i**5/60 + 5*i**4/12 - 4*i**3/3 - i**2. Let k be l(6). Let t = 5 - -171. What is the highest common divisor of k and t?
16
Suppose u + 2*u = -4*m + 46, -2*m + 2*u = -16. Calculate the greatest common factor of m and 50.
10
Let l(j) = 11*j - 5. Let m = 20 - 10. Let q be l(m). What is the greatest common factor of q and 21?
21
Suppose 5*j = 3*q + 2 - 1, q = 4*j - 5. What is the highest common divisor of j and 3?
1
Let d(n) = -2*n + 30. Let f be d(5). What is the greatest common divisor of f and 10?
10
Let x(o) = 12*o**2 - 2*o - 2. Let p be x(-3). What is the highest common divisor of p and 16?
16
Let w(o) = 3*o**2 - 3*o + 8. Let v(i) = -13*i**2 + 12*i - 33. Let n(p) = 2*v(p) + 9*w(p). Let h be n(4). What is the greatest common divisor of h and 15?
5
Let r be (-3)/6 + (-69)/6. Let p be ((-3)/(-2))/((-9)/r). What is the highest common divisor of 14 and p?
2
Suppose 3*y = 8 + 28. Calculate the greatest common divisor of y and 4.
4
Let h = -114 - -117. Calculate the highest common factor of h and 6.
3
Let z = -20 - -40. Let o = z - 14. Suppose o = 4*s - 6. Calculate the highest common divisor of s and 15.
3
Let d = 34 - -2. Let z(p) = -2*p + 4*p + p**2 + p - 1. Let w be z(-5). Calculate the greatest c